{"id":1772,"date":"2022-03-28T11:06:27","date_gmt":"2022-03-28T11:06:27","guid":{"rendered":"https:\/\/heo.hu\/?page_id=1772"},"modified":"2026-01-19T11:42:57","modified_gmt":"2026-01-19T11:42:57","slug":"hirek-pal-utcai-ovoda","status":"publish","type":"page","link":"https:\/\/heo.hu\/?page_id=1772","title":{"rendered":"H\u00edrek &#8211; P\u00e1l utcai \u00d3voda"},"content":{"rendered":"\t\t<div data-elementor-type=\"wp-page\" data-elementor-id=\"1772\" class=\"elementor elementor-1772\" data-elementor-settings=\"{&quot;ha_cmc_init_switcher&quot;:&quot;no&quot;}\">\n\t\t\t\t\t\t<section class=\"elementor-section elementor-top-section elementor-element elementor-element-9ca86d0 elementor-section-boxed elementor-section-height-default elementor-section-height-default\" data-id=\"9ca86d0\" data-element_type=\"section\" data-e-type=\"section\" data-settings=\"{&quot;_ha_eqh_enable&quot;:false}\">\n\t\t\t\t\t\t<div class=\"elementor-container elementor-column-gap-default\">\n\t\t\t\t\t<div class=\"elementor-column elementor-col-100 elementor-top-column elementor-element elementor-element-9724ac4\" data-id=\"9724ac4\" data-element_type=\"column\" data-e-type=\"column\">\n\t\t\t<div class=\"elementor-widget-wrap elementor-element-populated\">\n\t\t\t\t\t\t<div class=\"elementor-element elementor-element-291ace3 elementor-widget elementor-widget-image\" data-id=\"291ace3\" data-element_type=\"widget\" data-e-type=\"widget\" data-widget_type=\"image.default\">\n\t\t\t\t<div class=\"elementor-widget-container\">\n\t\t\t\t\t\t\t\t\t\t\t\t\t\t\t<img fetchpriority=\"high\" decoding=\"async\" width=\"724\" height=\"1024\" src=\"https:\/\/heo.hu\/wp-content\/uploads\/2026\/01\/Baba-Mama-Klub-724x1024.jpeg\" class=\"attachment-large size-large wp-image-3581\" alt=\"\" srcset=\"https:\/\/heo.hu\/wp-content\/uploads\/2026\/01\/Baba-Mama-Klub-724x1024.jpeg 724w, https:\/\/heo.hu\/wp-content\/uploads\/2026\/01\/Baba-Mama-Klub-212x300.jpeg 212w, https:\/\/heo.hu\/wp-content\/uploads\/2026\/01\/Baba-Mama-Klub-768x1086.jpeg 768w, https:\/\/heo.hu\/wp-content\/uploads\/2026\/01\/Baba-Mama-Klub-1087x1536.jpeg 1087w, https:\/\/heo.hu\/wp-content\/uploads\/2026\/01\/Baba-Mama-Klub.jpeg 1415w\" sizes=\"(max-width: 724px) 100vw, 724px\" \/>\t\t\t\t\t\t\t\t\t\t\t\t\t\t\t<\/div>\n\t\t\t\t<\/div>\n\t\t\t\t\t<\/div>\n\t\t<\/div>\n\t\t\t\t\t<\/div>\n\t\t<\/section>\n\t\t\t\t<section class=\"elementor-section elementor-top-section elementor-element elementor-element-8591f45 elementor-section-boxed elementor-section-height-default elementor-section-height-default\" data-id=\"8591f45\" data-element_type=\"section\" data-e-type=\"section\" data-settings=\"{&quot;_ha_eqh_enable&quot;:false}\">\n\t\t\t\t\t\t<div class=\"elementor-container elementor-column-gap-default\">\n\t\t\t\t\t<div class=\"elementor-column elementor-col-100 elementor-top-column elementor-element elementor-element-eec6d16\" data-id=\"eec6d16\" data-element_type=\"column\" data-e-type=\"column\">\n\t\t\t<div class=\"elementor-widget-wrap elementor-element-populated\">\n\t\t\t\t\t\t<div class=\"elementor-element elementor-element-2fc2c65 elementor-widget elementor-widget-image\" data-id=\"2fc2c65\" data-element_type=\"widget\" data-e-type=\"widget\" data-widget_type=\"image.default\">\n\t\t\t\t<div class=\"elementor-widget-container\">\n\t\t\t\t\t\t\t\t\t\t\t\t\t\t\t<img decoding=\"async\" width=\"732\" height=\"1024\" src=\"https:\/\/heo.hu\/wp-content\/uploads\/2025\/02\/ovivaro-732x1024.jpg\" class=\"attachment-large size-large wp-image-3231\" alt=\"\" srcset=\"https:\/\/heo.hu\/wp-content\/uploads\/2025\/02\/ovivaro-732x1024.jpg 732w, https:\/\/heo.hu\/wp-content\/uploads\/2025\/02\/ovivaro-215x300.jpg 215w, https:\/\/heo.hu\/wp-content\/uploads\/2025\/02\/ovivaro-768x1074.jpg 768w, https:\/\/heo.hu\/wp-content\/uploads\/2025\/02\/ovivaro.jpg 1007w\" sizes=\"(max-width: 732px) 100vw, 732px\" \/>\t\t\t\t\t\t\t\t\t\t\t\t\t\t\t<\/div>\n\t\t\t\t<\/div>\n\t\t\t\t\t<\/div>\n\t\t<\/div>\n\t\t\t\t\t<\/div>\n\t\t<\/section>\n\t\t\t\t<section class=\"elementor-section elementor-top-section elementor-element elementor-element-0a250ef elementor-section-boxed elementor-section-height-default elementor-section-height-default\" data-id=\"0a250ef\" data-element_type=\"section\" data-e-type=\"section\" data-settings=\"{&quot;_ha_eqh_enable&quot;:false}\">\n\t\t\t\t\t\t<div class=\"elementor-container elementor-column-gap-default\">\n\t\t\t\t\t<div class=\"elementor-column elementor-col-100 elementor-top-column elementor-element elementor-element-2f51c09\" data-id=\"2f51c09\" data-element_type=\"column\" data-e-type=\"column\">\n\t\t\t<div class=\"elementor-widget-wrap elementor-element-populated\">\n\t\t\t\t\t\t<div class=\"elementor-element elementor-element-dc884da elementor-widget elementor-widget-image\" data-id=\"dc884da\" data-element_type=\"widget\" data-e-type=\"widget\" data-widget_type=\"image.default\">\n\t\t\t\t<div class=\"elementor-widget-container\">\n\t\t\t\t\t\t\t\t\t\t\t\t\t\t\t<img decoding=\"async\" width=\"642\" height=\"1024\" src=\"https:\/\/heo.hu\/wp-content\/uploads\/2025\/02\/baba-mama-klub-642x1024.jpg\" class=\"attachment-large size-large wp-image-3232\" alt=\"\" srcset=\"https:\/\/heo.hu\/wp-content\/uploads\/2025\/02\/baba-mama-klub-642x1024.jpg 642w, https:\/\/heo.hu\/wp-content\/uploads\/2025\/02\/baba-mama-klub-188x300.jpg 188w, https:\/\/heo.hu\/wp-content\/uploads\/2025\/02\/baba-mama-klub-768x1226.jpg 768w, https:\/\/heo.hu\/wp-content\/uploads\/2025\/02\/baba-mama-klub-963x1536.jpg 963w, https:\/\/heo.hu\/wp-content\/uploads\/2025\/02\/baba-mama-klub-1283x2048.jpg 1283w, https:\/\/heo.hu\/wp-content\/uploads\/2025\/02\/baba-mama-klub.jpg 1410w\" sizes=\"(max-width: 642px) 100vw, 642px\" \/>\t\t\t\t\t\t\t\t\t\t\t\t\t\t\t<\/div>\n\t\t\t\t<\/div>\n\t\t\t\t\t<\/div>\n\t\t<\/div>\n\t\t\t\t\t<\/div>\n\t\t<\/section>\n\t\t\t\t<section class=\"elementor-section elementor-top-section elementor-element elementor-element-4bda906 elementor-section-boxed elementor-section-height-default elementor-section-height-default\" data-id=\"4bda906\" data-element_type=\"section\" data-e-type=\"section\" data-settings=\"{&quot;_ha_eqh_enable&quot;:false}\">\n\t\t\t\t\t\t<div class=\"elementor-container elementor-column-gap-default\">\n\t\t\t\t\t<div class=\"elementor-column elementor-col-100 elementor-top-column elementor-element elementor-element-1a518f0\" data-id=\"1a518f0\" data-element_type=\"column\" data-e-type=\"column\">\n\t\t\t<div class=\"elementor-widget-wrap elementor-element-populated\">\n\t\t\t\t\t\t<div class=\"elementor-element elementor-element-92ae02b elementor-widget elementor-widget-image\" data-id=\"92ae02b\" data-element_type=\"widget\" data-e-type=\"widget\" data-widget_type=\"image.default\">\n\t\t\t\t<div class=\"elementor-widget-container\">\n\t\t\t\t\t\t\t\t\t\t\t\t\t\t\t<img loading=\"lazy\" decoding=\"async\" width=\"750\" height=\"750\" src=\"https:\/\/heo.hu\/wp-content\/uploads\/2024\/03\/OVICSALOGATO-1024x1024.jpg\" class=\"attachment-large size-large wp-image-2574\" alt=\"\" srcset=\"https:\/\/heo.hu\/wp-content\/uploads\/2024\/03\/OVICSALOGATO-1024x1024.jpg 1024w, https:\/\/heo.hu\/wp-content\/uploads\/2024\/03\/OVICSALOGATO-300x300.jpg 300w, https:\/\/heo.hu\/wp-content\/uploads\/2024\/03\/OVICSALOGATO-150x150.jpg 150w, https:\/\/heo.hu\/wp-content\/uploads\/2024\/03\/OVICSALOGATO-768x768.jpg 768w, https:\/\/heo.hu\/wp-content\/uploads\/2024\/03\/OVICSALOGATO.jpg 1080w\" sizes=\"(max-width: 750px) 100vw, 750px\" \/>\t\t\t\t\t\t\t\t\t\t\t\t\t\t\t<\/div>\n\t\t\t\t<\/div>\n\t\t\t\t\t<\/div>\n\t\t<\/div>\n\t\t\t\t\t<\/div>\n\t\t<\/section>\n\t\t\t\t<section class=\"elementor-section elementor-top-section elementor-element elementor-element-5e13624 elementor-section-boxed elementor-section-height-default elementor-section-height-default\" data-id=\"5e13624\" data-element_type=\"section\" data-e-type=\"section\" data-settings=\"{&quot;_ha_eqh_enable&quot;:false}\">\n\t\t\t\t\t\t<div class=\"elementor-container elementor-column-gap-default\">\n\t\t\t\t\t<div class=\"elementor-column elementor-col-100 elementor-top-column elementor-element elementor-element-27a7880\" data-id=\"27a7880\" data-element_type=\"column\" data-e-type=\"column\">\n\t\t\t<div class=\"elementor-widget-wrap elementor-element-populated\">\n\t\t\t\t\t\t<div class=\"elementor-element elementor-element-ccc7e83 elementor-widget-divider--view-line elementor-widget elementor-widget-divider\" data-id=\"ccc7e83\" data-element_type=\"widget\" data-e-type=\"widget\" data-widget_type=\"divider.default\">\n\t\t\t\t<div class=\"elementor-widget-container\">\n\t\t\t\t\t\t\t<div class=\"elementor-divider\">\n\t\t\t<span class=\"elementor-divider-separator\">\n\t\t\t\t\t\t<\/span>\n\t\t<\/div>\n\t\t\t\t\t\t<\/div>\n\t\t\t\t<\/div>\n\t\t\t\t\t<\/div>\n\t\t<\/div>\n\t\t\t\t\t<\/div>\n\t\t<\/section>\n\t\t\t\t<section class=\"elementor-section elementor-top-section elementor-element elementor-element-cc62cc1 elementor-section-boxed elementor-section-height-default elementor-section-height-default\" data-id=\"cc62cc1\" data-element_type=\"section\" data-e-type=\"section\" data-settings=\"{&quot;_ha_eqh_enable&quot;:false}\">\n\t\t\t\t\t\t<div class=\"elementor-container elementor-column-gap-default\">\n\t\t\t\t\t<div class=\"elementor-column elementor-col-100 elementor-top-column elementor-element elementor-element-a5c19fd\" data-id=\"a5c19fd\" data-element_type=\"column\" data-e-type=\"column\">\n\t\t\t<div class=\"elementor-widget-wrap elementor-element-populated\">\n\t\t\t\t\t\t<div class=\"elementor-element elementor-element-e9076f4 elementor-widget elementor-widget-image\" data-id=\"e9076f4\" data-element_type=\"widget\" data-e-type=\"widget\" data-widget_type=\"image.default\">\n\t\t\t\t<div class=\"elementor-widget-container\">\n\t\t\t\t\t\t\t\t\t\t\t\t\t\t\t<img loading=\"lazy\" decoding=\"async\" width=\"750\" height=\"558\" src=\"https:\/\/heo.hu\/wp-content\/uploads\/2024\/02\/Messenger_creation_0207b031-dcc7-49a0-9a9f-d855418f3ffb.jpeg\" class=\"attachment-large size-large wp-image-2439\" alt=\"\" srcset=\"https:\/\/heo.hu\/wp-content\/uploads\/2024\/02\/Messenger_creation_0207b031-dcc7-49a0-9a9f-d855418f3ffb.jpeg 781w, https:\/\/heo.hu\/wp-content\/uploads\/2024\/02\/Messenger_creation_0207b031-dcc7-49a0-9a9f-d855418f3ffb-300x223.jpeg 300w, https:\/\/heo.hu\/wp-content\/uploads\/2024\/02\/Messenger_creation_0207b031-dcc7-49a0-9a9f-d855418f3ffb-768x571.jpeg 768w\" sizes=\"(max-width: 750px) 100vw, 750px\" \/>\t\t\t\t\t\t\t\t\t\t\t\t\t\t\t<\/div>\n\t\t\t\t<\/div>\n\t\t\t\t\t<\/div>\n\t\t<\/div>\n\t\t\t\t\t<\/div>\n\t\t<\/section>\n\t\t\t\t<section class=\"elementor-section elementor-top-section elementor-element elementor-element-501cce2 elementor-section-boxed elementor-section-height-default elementor-section-height-default\" data-id=\"501cce2\" data-element_type=\"section\" data-e-type=\"section\" data-settings=\"{&quot;_ha_eqh_enable&quot;:false}\">\n\t\t\t\t\t\t<div class=\"elementor-container elementor-column-gap-default\">\n\t\t\t\t\t<div class=\"elementor-column elementor-col-100 elementor-top-column elementor-element elementor-element-60835dc\" data-id=\"60835dc\" data-element_type=\"column\" data-e-type=\"column\">\n\t\t\t<div class=\"elementor-widget-wrap elementor-element-populated\">\n\t\t\t\t\t\t<div class=\"elementor-element elementor-element-8482aaa elementor-widget-divider--view-line elementor-widget elementor-widget-divider\" data-id=\"8482aaa\" data-element_type=\"widget\" data-e-type=\"widget\" data-widget_type=\"divider.default\">\n\t\t\t\t<div class=\"elementor-widget-container\">\n\t\t\t\t\t\t\t<div class=\"elementor-divider\">\n\t\t\t<span class=\"elementor-divider-separator\">\n\t\t\t\t\t\t<\/span>\n\t\t<\/div>\n\t\t\t\t\t\t<\/div>\n\t\t\t\t<\/div>\n\t\t\t\t\t<\/div>\n\t\t<\/div>\n\t\t\t\t\t<\/div>\n\t\t<\/section>\n\t\t\t\t<section class=\"elementor-section elementor-top-section elementor-element elementor-element-bb06d05 elementor-section-boxed elementor-section-height-default elementor-section-height-default\" data-id=\"bb06d05\" data-element_type=\"section\" data-e-type=\"section\" data-settings=\"{&quot;_ha_eqh_enable&quot;:false}\">\n\t\t\t\t\t\t<div class=\"elementor-container elementor-column-gap-default\">\n\t\t\t\t\t<div class=\"elementor-column elementor-col-100 elementor-top-column elementor-element elementor-element-8b6e7f9\" data-id=\"8b6e7f9\" data-element_type=\"column\" data-e-type=\"column\">\n\t\t\t<div class=\"elementor-widget-wrap elementor-element-populated\">\n\t\t\t\t\t\t<div class=\"elementor-element elementor-element-5107ef4 elementor-widget elementor-widget-image\" data-id=\"5107ef4\" data-element_type=\"widget\" data-e-type=\"widget\" data-widget_type=\"image.default\">\n\t\t\t\t<div class=\"elementor-widget-container\">\n\t\t\t\t\t\t\t\t\t\t\t\t\t\t\t<img loading=\"lazy\" decoding=\"async\" width=\"741\" height=\"1024\" src=\"https:\/\/heo.hu\/wp-content\/uploads\/2024\/02\/Ovivaro-741x1024.jpg\" class=\"attachment-large size-large wp-image-2462\" alt=\"\" srcset=\"https:\/\/heo.hu\/wp-content\/uploads\/2024\/02\/Ovivaro-741x1024.jpg 741w, https:\/\/heo.hu\/wp-content\/uploads\/2024\/02\/Ovivaro-217x300.jpg 217w, https:\/\/heo.hu\/wp-content\/uploads\/2024\/02\/Ovivaro-768x1062.jpg 768w, https:\/\/heo.hu\/wp-content\/uploads\/2024\/02\/Ovivaro.jpg 988w\" sizes=\"(max-width: 741px) 100vw, 741px\" \/>\t\t\t\t\t\t\t\t\t\t\t\t\t\t\t<\/div>\n\t\t\t\t<\/div>\n\t\t\t\t\t<\/div>\n\t\t<\/div>\n\t\t\t\t\t<\/div>\n\t\t<\/section>\n\t\t\t\t<section class=\"elementor-section elementor-top-section elementor-element elementor-element-b760f09 elementor-section-boxed elementor-section-height-default elementor-section-height-default\" data-id=\"b760f09\" data-element_type=\"section\" data-e-type=\"section\" data-settings=\"{&quot;_ha_eqh_enable&quot;:false}\">\n\t\t\t\t\t\t<div class=\"elementor-container elementor-column-gap-default\">\n\t\t\t\t\t<div class=\"elementor-column elementor-col-100 elementor-top-column elementor-element elementor-element-f7ad08a\" data-id=\"f7ad08a\" data-element_type=\"column\" data-e-type=\"column\">\n\t\t\t<div class=\"elementor-widget-wrap elementor-element-populated\">\n\t\t\t\t\t\t<div class=\"elementor-element elementor-element-900d99a elementor-widget-divider--view-line elementor-widget elementor-widget-divider\" data-id=\"900d99a\" data-element_type=\"widget\" data-e-type=\"widget\" data-widget_type=\"divider.default\">\n\t\t\t\t<div class=\"elementor-widget-container\">\n\t\t\t\t\t\t\t<div class=\"elementor-divider\">\n\t\t\t<span class=\"elementor-divider-separator\">\n\t\t\t\t\t\t<\/span>\n\t\t<\/div>\n\t\t\t\t\t\t<\/div>\n\t\t\t\t<\/div>\n\t\t\t\t\t<\/div>\n\t\t<\/div>\n\t\t\t\t\t<\/div>\n\t\t<\/section>\n\t\t\t\t<section class=\"elementor-section elementor-top-section elementor-element elementor-element-bbf5348 elementor-section-boxed elementor-section-height-default elementor-section-height-default\" data-id=\"bbf5348\" data-element_type=\"section\" data-e-type=\"section\" data-settings=\"{&quot;_ha_eqh_enable&quot;:false}\">\n\t\t\t\t\t\t<div class=\"elementor-container elementor-column-gap-default\">\n\t\t\t\t\t<div class=\"elementor-column elementor-col-100 elementor-top-column elementor-element elementor-element-aae035d\" data-id=\"aae035d\" data-element_type=\"column\" data-e-type=\"column\">\n\t\t\t<div class=\"elementor-widget-wrap elementor-element-populated\">\n\t\t\t\t\t\t<div class=\"elementor-element elementor-element-2aab231 elementor-widget elementor-widget-image\" data-id=\"2aab231\" data-element_type=\"widget\" data-e-type=\"widget\" data-widget_type=\"image.default\">\n\t\t\t\t<div class=\"elementor-widget-container\">\n\t\t\t\t\t\t\t\t\t\t\t\t\t\t\t<img loading=\"lazy\" decoding=\"async\" width=\"750\" height=\"479\" src=\"https:\/\/heo.hu\/wp-content\/uploads\/2024\/02\/Fussunk-1024x654.jpg\" class=\"attachment-large size-large wp-image-2453\" alt=\"\" srcset=\"https:\/\/heo.hu\/wp-content\/uploads\/2024\/02\/Fussunk-1024x654.jpg 1024w, https:\/\/heo.hu\/wp-content\/uploads\/2024\/02\/Fussunk-300x192.jpg 300w, https:\/\/heo.hu\/wp-content\/uploads\/2024\/02\/Fussunk-768x490.jpg 768w, https:\/\/heo.hu\/wp-content\/uploads\/2024\/02\/Fussunk.jpg 1026w\" sizes=\"(max-width: 750px) 100vw, 750px\" \/>\t\t\t\t\t\t\t\t\t\t\t\t\t\t\t<\/div>\n\t\t\t\t<\/div>\n\t\t\t\t\t<\/div>\n\t\t<\/div>\n\t\t\t\t\t<\/div>\n\t\t<\/section>\n\t\t\t\t<\/div>\n\t\t","protected":false},"excerpt":{"rendered":"","protected":false},"author":2,"featured_media":0,"parent":0,"menu_order":0,"comment_status":"closed","ping_status":"closed","template":"","meta":{"footnotes":""},"class_list":["post-1772","page","type-page","status-publish","hentry"],"_links":{"self":[{"href":"https:\/\/heo.hu\/index.php?rest_route=\/wp\/v2\/pages\/1772","targetHints":{"allow":["GET"]}}],"collection":[{"href":"https:\/\/heo.hu\/index.php?rest_route=\/wp\/v2\/pages"}],"about":[{"href":"https:\/\/heo.hu\/index.php?rest_route=\/wp\/v2\/types\/page"}],"author":[{"embeddable":true,"href":"https:\/\/heo.hu\/index.php?rest_route=\/wp\/v2\/users\/2"}],"replies":[{"embeddable":true,"href":"https:\/\/heo.hu\/index.php?rest_route=%2Fwp%2Fv2%2Fcomments&post=1772"}],"version-history":[{"count":64,"href":"https:\/\/heo.hu\/index.php?rest_route=\/wp\/v2\/pages\/1772\/revisions"}],"predecessor-version":[{"id":3584,"href":"https:\/\/heo.hu\/index.php?rest_route=\/wp\/v2\/pages\/1772\/revisions\/3584"}],"wp:attachment":[{"href":"https:\/\/heo.hu\/index.php?rest_route=%2Fwp%2Fv2%2Fmedia&parent=1772"}],"curies":[{"name":"wp","href":"https:\/\/api.w.org\/{rel}","templated":true}]}}