{"id":1381,"date":"2022-03-22T09:09:33","date_gmt":"2022-03-22T09:09:33","guid":{"rendered":"https:\/\/heo.hu\/?page_id=1381"},"modified":"2022-03-28T11:23:07","modified_gmt":"2022-03-28T11:23:07","slug":"bemutatkozas-pal-utcai-ovoda","status":"publish","type":"page","link":"https:\/\/heo.hu\/?page_id=1381","title":{"rendered":"Magunkr\u00f3l &#8211; P\u00e1l utcai \u00d3voda"},"content":{"rendered":"\t\t<div data-elementor-type=\"wp-page\" data-elementor-id=\"1381\" class=\"elementor elementor-1381\" data-elementor-settings=\"{&quot;ha_cmc_init_switcher&quot;:&quot;no&quot;}\">\n\t\t\t\t\t\t<section class=\"elementor-section elementor-top-section elementor-element elementor-element-9e95c92 elementor-section-boxed elementor-section-height-default elementor-section-height-default\" data-id=\"9e95c92\" data-element_type=\"section\" data-e-type=\"section\" data-settings=\"{&quot;_ha_eqh_enable&quot;:false}\">\n\t\t\t\t\t\t<div class=\"elementor-container elementor-column-gap-default\">\n\t\t\t\t\t<div class=\"elementor-column elementor-col-100 elementor-top-column elementor-element elementor-element-507ce24\" data-id=\"507ce24\" data-element_type=\"column\" data-e-type=\"column\">\n\t\t\t<div class=\"elementor-widget-wrap elementor-element-populated\">\n\t\t\t\t\t\t<div class=\"elementor-element elementor-element-cb700c8 elementor-widget elementor-widget-text-editor\" data-id=\"cb700c8\" data-element_type=\"widget\" data-e-type=\"widget\" data-widget_type=\"text-editor.default\">\n\t\t\t\t<div class=\"elementor-widget-container\">\n\t\t\t\t\t\t\t\t\t<p><span style=\"color: #000000;\">P\u00c1L UTCAI \u00d3VODA T\u00d6RT\u00c9NETE<\/span><\/p>\n<p><\/p>\n<p><\/p>\n<p><span style=\"color: #000000;\">\u201eA <em>P\u00e1l utcai \u00d3voda<\/em> gr. Klebelsberg Kun\u00f3 kultuszminiszters\u00e9ge alatt <em>1931-ben<\/em> \u00e1llamseg\u00e9llyel <em>\u00e9p\u00fclt<\/em>. A v\u00e1rosba \u00e9rkez\u0151 miniszteri tan\u00e1csos alkalmasnak tal\u00e1lta a telket. Az \u00f3voda \u00e9p\u00edt\u00e9s\u00e9re az 1930. okt\u00f3ber 28-29-\u00e9n k\u00f6zz\u00e9tett versenyt\u00e1rgyal\u00e1sra 35 p\u00e1ly\u00e1zat \u00e9rkezett. A p\u00e1ly\u00e1z\u00f3k k\u00f6z\u00fcl V\u00edgh S\u00e1muel kapta az \u00f3voda \u00e9p\u00edt\u00e9si jog\u00e1t.<\/span><\/p>\n<p><span style=\"color: #000000;\">A meghirdetett \u00f3v\u00f3n\u0151i \u00e1ll\u00e1sokra 26 p\u00e1ly\u00e1zat \u00e9rkezett. <em>1932. j\u00fanius 1-j\u00e9n megnyitott\u00e1k<\/em> az \u00f3vod\u00e1t. Azonnal l\u00e1tszott, hogy ebben a v\u00e1rosr\u00e9szben a gyermekek elhelyez\u00e9s\u00e9re \u00f3ri\u00e1si ig\u00e9ny mutatkozik.<\/span><\/p>\n<p><span style=\"color: #000000;\">A p\u00e1ly\u00e1zatot Kov\u00e1csn\u00e9 Kak\u00f3 R\u00f3za nyerte, 1932. augusztus 1-j\u00e9n rendes \u00f3v\u00f3n\u0151v\u00e9 v\u00e1lasztott\u00e1k, aki ekkorra egy l\u00e1tv\u00e1nyos nagy \u00fcnnep\u00e9lyt szervezett. \u00a0A korabeli \u00fajs\u00e1gok k\u00e9s\u0151bb is rendszeresen h\u00edrt adtak a ragyog\u00f3 P\u00e1l utcai \u00fcnneps\u00e9gekr\u0151l. Az \u00f3voda gyorsan n\u00e9pszer\u0171 lett \u00e9s hamarosan kicsinek bizonyult.<\/span><\/p>\n<p><span style=\"color: #000000;\">Az 1930-40-es \u00e9vekben gyakran, szinte \u00e9vente helyezt\u00e9k az \u00f3v\u00f3n\u0151ket ide-oda.1951-ben D\u00e9gi J\u00e1nosn\u00e9 Lendvai Margit p\u00e1lyakezd\u0151k\u00e9nt j\u00f6tt a v\u00e1rosba. Az \u00fcgyes kez\u0171 Udvarhelyi Gyul\u00e1n\u00e9val \u00e9s a prec\u00edz, pontos G\u00e1l J\u00f3zsefn\u00e9val k\u00f6z\u00f6sen \u00faj m\u00f3dszereket, eszk\u00f6z\u00f6ket alkalmaztak, festettek, ker\u00edt\u00e9st \u00e9p\u00edtettek, udvart rendeztek.<\/span><\/p>\n<p><span style=\"color: #000000;\">1966 augusztus\u00e1ban Szab\u00f3 J\u00e1nosn\u00e9 Nemes Erzs\u00e9betet helyezt\u00e9k a P\u00e1l utcai \u00d3voda \u00e9l\u00e9re, ahol 30 \u00e9vet t\u00f6lt\u00f6tt a sz\u00fcl\u0151k \u00e9s felettesei nagy megel\u00e9ged\u00e9s\u00e9re. Volt munkak\u00f6z\u00f6ss\u00e9gvezet\u0151, v\u00e1rosi \u00f3vodai fel\u00fcgyel\u0151, \u00f6sszevont egys\u00e9gvezet\u0151. Minden poszton meg\u00e1llta a hely\u00e9t. 1976-ban Kiv\u00e1l\u00f3 \u00d3v\u00f3n\u0151 kit\u00fcntet\u00e9st, majd Arany Katedra kit\u00fcntet\u00e9st is kapott.<\/span><\/p>\n<p><span style=\"color: #000000;\">Nagy v\u00e1ltoz\u00e1s k\u00f6vetkezett be 1986-ban, amikor a szolg\u00e1lati lak\u00e1s \u00e1talak\u00edt\u00e1s\u00e1val az eddig r\u00e9szben osztott \u00f3voda h\u00e1romcsoportos osztott gyermekint\u00e9zm\u00e9nny\u00e9 v\u00e1lt. Korszer\u0171s\u00edtett\u00e9k a f\u0171t\u00e9st, vil\u00e1g\u00edt\u00e1st, majd1994-ben bevezett\u00e9k a g\u00e1zt is.<\/span><\/p>\n<p><span style=\"color: #000000;\">Az \u00f3voda 1981-ig a Sz\u00e1nt\u00f3 Kov\u00e1cs J\u00e1nos Iskol\u00e1hoz tartozott. Az \u00e1tszervez\u00e9s ut\u00e1n a P\u00e1l utcai \u00f3voda lett a k\u00f6zpont, a P\u00e1lffy utca pedig a telephelye. 1997-t\u0151l a Malom utcai \u00f3voda is ide tartozik.\u201d<\/span><\/p>\n<p><\/p>\n<p><span style=\"color: #000000;\">ID\u00c9ZET: Francisztin\u00e9 Moln\u00e1r Erzs\u00e9bet: \u201eH\u00f3dmez\u0151v\u00e1s\u00e1rhely \u00f3vodat\u00f6rt\u00e9nete 1860 \u2013 1997\u201d c\u00edm\u0171 k\u00f6nyv\u00e9b\u0151l.<\/span><\/p>\n<p><\/p>\t\t\t\t\t\t\t\t<\/div>\n\t\t\t\t<\/div>\n\t\t\t\t\t<\/div>\n\t\t<\/div>\n\t\t\t\t\t<\/div>\n\t\t<\/section>\n\t\t\t\t<\/div>\n\t\t","protected":false},"excerpt":{"rendered":"<p>P\u00c1L UTCAI \u00d3VODA T\u00d6RT\u00c9NETE \u201eA P\u00e1l utcai \u00d3voda gr. Klebelsberg Kun\u00f3 kultuszminiszters\u00e9ge alatt 1931-ben \u00e1llamseg\u00e9llyel \u00e9p\u00fclt. A v\u00e1rosba \u00e9rkez\u0151 miniszteri tan\u00e1csos alkalmasnak tal\u00e1lta a telket. Az \u00f3voda \u00e9p\u00edt\u00e9s\u00e9re az 1930. okt\u00f3ber 28-29-\u00e9n k\u00f6zz\u00e9tett versenyt\u00e1rgyal\u00e1sra 35 p\u00e1ly\u00e1zat \u00e9rkezett. A p\u00e1ly\u00e1z\u00f3k k\u00f6z\u00fcl V\u00edgh S\u00e1muel kapta az \u00f3voda \u00e9p\u00edt\u00e9si jog\u00e1t. A meghirdetett \u00f3v\u00f3n\u0151i [&hellip;]<\/p>\n","protected":false},"author":3,"featured_media":0,"parent":0,"menu_order":0,"comment_status":"closed","ping_status":"closed","template":"","meta":{"footnotes":""},"class_list":["post-1381","page","type-page","status-publish","hentry"],"_links":{"self":[{"href":"https:\/\/heo.hu\/index.php?rest_route=\/wp\/v2\/pages\/1381","targetHints":{"allow":["GET"]}}],"collection":[{"href":"https:\/\/heo.hu\/index.php?rest_route=\/wp\/v2\/pages"}],"about":[{"href":"https:\/\/heo.hu\/index.php?rest_route=\/wp\/v2\/types\/page"}],"author":[{"embeddable":true,"href":"https:\/\/heo.hu\/index.php?rest_route=\/wp\/v2\/users\/3"}],"replies":[{"embeddable":true,"href":"https:\/\/heo.hu\/index.php?rest_route=%2Fwp%2Fv2%2Fcomments&post=1381"}],"version-history":[{"count":5,"href":"https:\/\/heo.hu\/index.php?rest_route=\/wp\/v2\/pages\/1381\/revisions"}],"predecessor-version":[{"id":1811,"href":"https:\/\/heo.hu\/index.php?rest_route=\/wp\/v2\/pages\/1381\/revisions\/1811"}],"wp:attachment":[{"href":"https:\/\/heo.hu\/index.php?rest_route=%2Fwp%2Fv2%2Fmedia&parent=1381"}],"curies":[{"name":"wp","href":"https:\/\/api.w.org\/{rel}","templated":true}]}}

Magunkról &#8211; Pál utcai Óvoda

<div data-elementor-type="wp-page" data-elementor-id="1381" class="elementor elementor-1381" data-elementor-settings="{&quot;ha_cmc_init_switcher&quot;:&quot;no&quot;}">
						<section class="elementor-section elementor-top-section elementor-element elementor-element-9e95c92 elementor-section-boxed elementor-section-height-default elementor-section-height-default" data-id="9e95c92" data-element_type="section" data-e-type="section" data-settings="{&quot;_ha_eqh_enable&quot;:false}">
						<div class="elementor-container elementor-column-gap-default">
					<div class="elementor-column elementor-col-100 elementor-top-column elementor-element elementor-element-507ce24" data-id="507ce24" data-element_type="column" data-e-type="column">
			<div class="elementor-widget-wrap elementor-element-populated">
						<div class="elementor-element elementor-element-cb700c8 elementor-widget elementor-widget-text-editor" data-id="cb700c8" data-element_type="widget" data-e-type="widget" data-widget_type="text-editor.default">
				<div class="elementor-widget-container">
									<p><span style="color: #000000;">PÁL UTCAI ÓVODA TÖRTÉNETE</span></p>
<p></p>
<p></p>
<p><span style="color: #000000;">„A <em>Pál utcai Óvoda</em> gr. Klebelsberg Kunó kultuszminisztersége alatt <em>1931-ben</em> államsegéllyel <em>épült</em>. A városba érkező miniszteri tanácsos alkalmasnak találta a telket. Az óvoda építésére az 1930. október 28-29-én közzétett versenytárgyalásra 35 pályázat érkezett. A pályázók közül Vígh Sámuel kapta az óvoda építési jogát.</span></p>
<p><span style="color: #000000;">A meghirdetett óvónői állásokra 26 pályázat érkezett. <em>1932. június 1-jén megnyitották</em> az óvodát. Azonnal látszott, hogy ebben a városrészben a gyermekek elhelyezésére óriási igény mutatkozik.</span></p>
<p><span style="color: #000000;">A pályázatot Kovácsné Kakó Róza nyerte, 1932. augusztus 1-jén rendes óvónővé választották, aki ekkorra egy látványos nagy ünnepélyt szervezett.  A korabeli újságok később is rendszeresen hírt adtak a ragyogó Pál utcai ünnepségekről. Az óvoda gyorsan népszerű lett és hamarosan kicsinek bizonyult.</span></p>
<p><span style="color: #000000;">Az 1930-40-es években gyakran, szinte évente helyezték az óvónőket ide-oda.1951-ben Dégi Jánosné Lendvai Margit pályakezdőként jött a városba. Az ügyes kezű Udvarhelyi Gyulánéval és a precíz, pontos Gál Józsefnéval közösen új módszereket, eszközöket alkalmaztak, festettek, kerítést építettek, udvart rendeztek.</span></p>
<p><span style="color: #000000;">1966 augusztusában Szabó Jánosné Nemes Erzsébetet helyezték a Pál utcai Óvoda élére, ahol 30 évet töltött a szülők és felettesei nagy megelégedésére. Volt munkaközösségvezető, városi óvodai felügyelő, összevont egységvezető. Minden poszton megállta a helyét. 1976-ban Kiváló Óvónő kitüntetést, majd Arany Katedra kitüntetést is kapott.</span></p>
<p><span style="color: #000000;">Nagy változás következett be 1986-ban, amikor a szolgálati lakás átalakításával az eddig részben osztott óvoda háromcsoportos osztott gyermekintézménnyé vált. Korszerűsítették a fűtést, világítást, majd1994-ben bevezették a gázt is.</span></p>
<p><span style="color: #000000;">Az óvoda 1981-ig a Szántó Kovács János Iskolához tartozott. Az átszervezés után a Pál utcai óvoda lett a központ, a Pálffy utca pedig a telephelye. 1997-től a Malom utcai óvoda is ide tartozik.”</span></p>
<p></p>
<p><span style="color: #000000;">IDÉZET: Francisztiné Molnár Erzsébet: „Hódmezővásárhely óvodatörténete 1860 – 1997” című könyvéből.</span></p>
<p></p>								</div>
				</div>
					</div>
		</div>
					</div>
		</section>
				</div>

<p>PÁL UTCAI ÓVODA TÖRTÉNETE „A Pál utcai Óvoda gr. Klebelsberg Kunó kultuszminisztersége alatt 1931-ben államsegéllyel épült. A városba érkező miniszteri tanácsos alkalmasnak találta a telket. Az óvoda építésére az 1930. október 28-29-én közzétett versenytárgyalásra 35 pályázat érkezett. A pályázók közül Vígh Sámuel kapta az óvoda építési jogát. A meghirdetett óvónői [&hellip;]</p>
